, -450 = -w*s - 3*y. Is s a multiple of 28?
False
Let o be -27 - -26 - -1*5. Suppose o*b - 5*b = 0. Suppose 300 = 5*n - 5*i, 3*i + 64 = n - b*i. Is 24 a factor of n?
False
Does 11 divide (-2)/3 + (-1596504)/(-936)?
True
Let i = 27508 + -26273. Is 57 a factor of i?
False
Suppose m = 6*m + 2*b - 3316, -2*b - 1318 = -2*m. Suppose -s + m = 3*o, -5*s + o + 5365 - 2071 = 0. Is 9 a factor of s?
False
Suppose -9*p + 507 + 31320 + 5775 = 0. Is p a multiple of 60?
False
Suppose -73 - 27 = 4*f - 2*o, 14 = -f - 5*o. Is 12 a factor of (f/(-10))/((-19)/(-1710))?
True
Let k(z) = z**3 - 9*z**2 + z - 13. Let w be k(9). Let r be -5*(-5 - (w + 0)). Suppose -2*x + 5 = -r. Does 2 divide x?
False
Let k = -5533 + 8208. Let a = k - 1863. Is 33 a factor of a?
False
Suppose 0 = -4*c + 5*x + 5423, 50*c + 2*x + 4069 = 53*c. Is c a multiple of 3?
False
Let m(v) = 5*v + v**2 - 11 - 17 + 25. Let c be m(-6). Suppose 5*z - 2*z - c*d - 336 = 0, 4*d + 8 = 0. Is z a multiple of 11?
True
Let f = -29 - -54. Is (24 - f) + (2 + -150)/(-1) a multiple of 7?
True
Let q = 2397 + -1200. Is 19 a factor of q?
True
Let y = -6822 - -10586. Is y a multiple of 4?
True
Let w be (-12)/28 + (-2421)/(-63). Let c = 72 - w. Is 4 a factor of c?
False
Suppose -3 = 7*i + 4. Let t be i - (4 + -7) - -3. Suppose -t*r + 203 = 2*m + m, 2*m = r - 38. Is 7 a factor of r?
False
Suppose -3*g + 2*d = -4, 4*g - 3*d - 6 = 2*g. Suppose g = -3*w - 350 + 1922. Does 6 divide w?
False
Let q(r) be the second derivative of r**4/4 + 41*r**3/6 - 7*r**2 + 10*r. Let l be q(-20). Let i = -116 + l. Is 43 a factor of i?
False
Let z = 7626 + -5508. Is z a multiple of 3?
True
Let h = 213 + 6642. Is 45 a factor of h?
False
Let z(p) = -3*p**3 + 3*p**2 + 3. Let h be z(-3). Suppose 0 = -4*m - 3*c + 2741, -5*c + 792 = m + h. Does 16 divide m?
False
Let h = 1781 + -885. Is 14 a factor of h?
True
Does 34 divide 26/(-10) + 2 - 859/15*-171?
True
Let y be (3/(-2))/(75/(-500)). Does 7 divide (6/y)/(-3 - (-276)/90)?
False
Let v = -7043 + 7293. Does 3 divide v?
False
Let q be (98/(-6))/(8/(-3) - -3). Let c = q + 60. Suppose -384 = -c*m + 8*m. Does 16 divide m?
True
Let n = -62684 - -90572. Is n a multiple of 28?
True
Suppose -82*u + 1701807 = 73*u + 88877. Does 29 divide u?
False
Suppose 230*j - 229*j - 18118 = -3*n, j - 6040 = -n. Does 61 divide n?
True
Let k(u) = -3*u**3 - 7*u**2 - 2*u + 1. Let m(t) = t**2 - 14*t + 21. Let s be m(12). Does 5 divide k(s)?
True
Let b(h) = 117*h**2 + 18. Let x be b(-6). Suppose 0 = 27*l - x - 1386. Is 19 a factor of l?
False
Suppose -60*r = -59*r - 2538. Does 54 divide r?
True
Let v(w) = -w**3 + 12*w**2 + 9*w + 37. Let m be v(13). Does 12 divide (m/(-30))/(1/48)?
True
Let i be (-310)/(-5)*(44 + 4). Suppose 0 = -a - 30*a + i. Is a a multiple of 8?
True
Let u(i) = 5*i**2 + 5*i - 19. Let v(l) = 9*l**2 + 10*l - 36. Let w(b) = 7*u(b) - 3*v(b). Is w(3) a multiple of 7?
False
Let o(q) = 8*q**2 - 11*q + 36. Let h be o(-11). Suppose 5*b = -2*x + 5*x - 635, 5*x - h = -5*b. Suppose -3*j = -y - 37 + x, -4*j - 756 = -4*y. Does 16 divide y?
True
Suppose 3*k - j - 106727 = 0, 8*k - 4*j + 97266 = 381862. Is 13 a factor of k?
False
Let v be -5754*(-14 - -6)*(-2)/(-12). Suppose -10*r + 1928 = -v. Is 16 a factor of r?
True
Let n(t) = -3*t + 90. Let x be n(29). Is 1738/6 - ((-7)/x - -2) a multiple of 23?
False
Let f be 3 - (-4 + -2 + 0). Let z(s) = 12*s - 6. Let b be z(f). Let h = b - 52. Is h a multiple of 10?
True
Let u be (10/(-8))/((-9)/(-12) + -1). Suppose 2*r - 6*f + f = -u, -r = 4*f - 17. Suppose -r*n - 2*y = -633 - 36, -5*y - 15 = 0. Does 9 divide n?
True
Does 188 divide ((-488)/5)/(15 - 3171/210)?
False
Suppose 4*l - 201 - 439 = 0. Suppose 2*c = 2*d - 136, 2*d - l + 27 = 3*c. Let b = 89 - d. Is b a multiple of 6?
True
Let x = -25 - -131. Suppose -g - x = -4*d, 0*d + 4*g + 127 = 5*d. Is 27 a factor of d?
True
Let x(l) = 4*l**3 + l**2 + 7*l + 9. Let p(r) = -8*r**3 - r**2 - 14*r - 19. Let d(k) = -3*p(k) - 5*x(k). Is d(5) a multiple of 24?
False
Let i(g) = -g + 9. Let v be i(7). Suppose 3*h + d - v = -0*h, -4*d = -8. Suppose h = j, -x + 40 = x + 4*j. Is x a multiple of 10?
True
Suppose -12*j - 220 = -14*j. Suppose 4*l - 9*l = -j. Suppose 0 = -l*x + 18*x + 68. Is 2 a factor of x?
False
Let w(q) = 95*q**2 + 49*q - 249. Is 39 a factor of w(5)?
False
Let m(k) = -8*k**3 - 8*k**2 - 6*k - 101. Does 13 divide m(-10)?
False
Suppose 136*o = 123*o + 650. Suppose -o = -3*l - 5*v, 30 = 2*l - 2*v + 7*v. Is 4 a factor of l?
True
Suppose -31983 = -10*p - 3423. Is 15 a factor of p?
False
Let p(d) = 6*d - 10. Let k be p(3). Suppose 4*n = k*n - 16. Suppose 0 = -5*a - n*c + 548, 4*a - 3*c = -c + 428. Is a a multiple of 9?
True
Let z(l) = 2*l**2 - 5*l + 35. Let k be z(7). Let x = 0 + k. Does 7 divide x?
True
Suppose 8*x + 13 = 3*h + 10*x, 0 = -h - 5*x. Suppose 2*i = 6*t - 2*t + 24, -5*t = h*i + 15. Is (-8 + 3 - t) + 205 a multiple of 21?
False
Let i(w) be the first derivative of -w**3/3 + 10*w**2 + 5*w - 27. Is i(20) a multiple of 2?
False
Let v(j) = 938*j**2 - 14*j - 10. Does 34 divide v(-1)?
False
Does 6 divide 4089*(-2)/(-5) - (24 - 610/25)?
False
Let w = 13 - -63. Suppose 57*u + 6384 = w*u. Is 12 a factor of u?
True
Is 18 a factor of (-2018334)/(-3354) + 6/26?
False
Suppose 6042 = 18*k + k. Suppose 0 = 23*y - 6091 + k. Is y a multiple of 6?
False
Let k be (3/(-3) - -3) + 6/(-3). Suppose 2*i - 4*i + 420 = k. Is 35 a factor of i?
True
Let a = 238 - -5636. Is 178 a factor of a?
True
Suppose 34*w = 84914 + 161700 + 32798. Is 218 a factor of w?
False
Let c(z) = 2*z**3 - 18*z**2 - 27*z + 1755. Is 198 a factor of c(27)?
False
Let s = 514 - 514. Suppose 0 = -3*r - 2*i + 1 - 0, -4*r + 5*i = -32. Suppose s = 5*l - r*c - 2*c - 15, -10 = -2*l - 2*c. Does 3 divide l?
False
Let w(i) be the second derivative of i**5/20 + i**4/2 + i**3 - 3*i**2 - 9*i. Let r be w(-4). Suppose -10 = -2*k, -c + k + r*k - 1 = 0. Is c a multiple of 3?
False
Let h be 14/(-3)*(-6)/7. Let x(c) = 7*c - 2*c**2 + 10*c + h*c**2 + 3*c**2 + 13. Is 10 a factor of x(-6)?
False
Is 17 - 82816/(-6 - 10) a multiple of 11?
False
Let b(y) = -7*y**3 + 3*y**2 - 8*y - 22. Let v(r) = r**3 - r**2 + r + 1. Let h(u) = b(u) + 6*v(u). Let x be h(-5). Let c = -16 + x. Is 14 a factor of c?
True
Let v(j) = j**2 - 25*j + 60. Let y be v(14). Is y + 101 - (-2530)/2 a multiple of 106?
True
Let i(d) = 4*d**3 - 14*d**2 - 7*d + 22. Let r be i(8). Suppose 5*m + 2*p - 1116 = 0, -5*m + r = -p + 2*p. Is 11 a factor of m?
False
Suppose -7*t = -15*t - 216. Let m = -32 + t. Let z = -8 - m. Is 17 a factor of z?
True
Suppose -3*l + 294 = 1470. Let q = 716 + l. Does 36 divide q?
True
Let z(i) be the first derivative of i**4/4 - 13*i**3/3 + 11*i**2/2 + 14*i - 9. Let h be z(12). Suppose -23 + 149 = h*t. Is t a multiple of 21?
True
Suppose -2*y + 1 = 7, -2*a = 3*y - 133. Suppose 37 = 2*i + a. Let w = i - -45. Is 14 a factor of w?
True
Let n = 5006 - 3773. Is 9 a factor of n?
True
Let s(y) = -33*y - 168. Let o be s(-18). Suppose 32*g - 33*g = -o. Does 6 divide g?
True
Suppose 4*m - 5*m = 4*d + 7, -3*d = -4*m + 29. Let y be -1 + d + 68/17. Suppose 2*s = 2*g + g + 190, -3*s - g + 296 = y. Is 22 a factor of s?
False
Suppose -2*x - c + 28 = 0, -5*x + c = -65 + 9. Let a be (-8)/((-88)/325) - (-12)/(-22). Suppose -x = -t + a. Does 7 divide t?
False
Suppose -3*b + 1083 - 177 = 0. Let g = b + -185. Is g a multiple of 13?
True
Let k(n) = -41*n - 128. Is k(-27) a multiple of 11?
True
Let c = -221 + 243. Does 45 divide (-22043)/(-14) - (-11)/c?
True
Let x(t) = -1767*t - t**3 + 1759*t - 8*t**2 - t**2 + 30. Let l be x(-9). Suppose 0 = -2*k - 5*v + 2*v + l, -k = -5*v - 38. Is 12 a factor of k?
True
Suppose 0 = 3*f - 31 + 7. Suppose 0 = -4*j - 3*m - 5 - f, -5*j + 2*m - 45 = 0. Let s(g) = -g**3 - 6*g**2 + 3*g - 4. Does 6 divide s(j)?
True
Let o(i) = -i**2. Let w(q) = -5*q**2 - 17*q - 11. Let j(u) = -4*o(u) + w(u). Let b be j(-10). Let x = b - 53. Does 2 divide x?
True
Let a(o) = 4*o**2 - 18*o + 18. Let x be a(6). Suppose -3*w - t = -62, 0 = -w - 2*w + 3*t + x. Suppose 15*f + 615 = w*f. Is f a multiple of 41?
True
Suppose 3 = -0*a + a, 5*a - 580 = -5*k. Let o = k + -102. Is o even?
False
Suppose -121*r + 348100 = -47*r + 44*r. Does 10 divide r?
True
Let j be -8*(-2)/4 - -91. Let i = j + -32. Suppose 2*k = 2*s - 43 - 67, i = s - 3*k. Does 9